{"id":4859,"date":"2020-08-26T13:51:32","date_gmt":"2020-08-26T13:51:32","guid":{"rendered":"https:\/\/academy.ohie.org\/?page_id=4859"},"modified":"2025-02-11T19:03:31","modified_gmt":"2025-02-11T19:03:31","slug":"acerca-de","status":"publish","type":"page","link":"https:\/\/academy.ohie.org\/?page_id=4859&lang=es","title":{"rendered":"acerca de"},"content":{"rendered":"\n<figure class=\"wp-block-image size-large\"><img loading=\"lazy\" decoding=\"async\" width=\"1024\" height=\"682\" src=\"https:\/\/academy.ohie.org\/wp-content\/uploads\/2023\/02\/academycomputer-1024x682.png\" alt=\"\" class=\"wp-image-2998\" srcset=\"https:\/\/academy.ohie.org\/wp-content\/uploads\/2023\/02\/academycomputer-1024x682.png 1024w, https:\/\/academy.ohie.org\/wp-content\/uploads\/2023\/02\/academycomputer-300x200.png 300w, https:\/\/academy.ohie.org\/wp-content\/uploads\/2023\/02\/academycomputer-768x512.png 768w, https:\/\/academy.ohie.org\/wp-content\/uploads\/2023\/02\/academycomputer.png 1495w\" sizes=\"auto, (max-width: 1024px) 100vw, 1024px\" \/><\/figure>\n\n<p class=\"has-medium-font-size\"><br\/>&#13;\nA medida que los pa\u00edses contemplan sus enfoques de implementaci\u00f3n para el intercambio de datos de salud, muchos est\u00e1n empezando a discernir c\u00f3mo desarrollar la capacidad en el intercambio de datos y otros temas relacionados con HIE. La comunidad de la Academia trabaja conjuntamente para crear y compartir bienes globales centrados en aumentar la capacidad de construir y apoyar la arquitectura y los procesos de intercambio de informaci\u00f3n sanitaria. Esta comunidad est\u00e1 abierta a todos los interesados en abordar los retos y objetivos que se mencionan a continuaci\u00f3n. <\/p>\n\n<p class=\"has-medium-font-size\"><br\/><strong>Resultados deseados<\/strong><\/p>\n\n<ul class=\"has-medium-font-size wp-block-list\"><li>Mejorar el desarrollo de la competencia t\u00e9cnica de todos los participantes<\/li><li>Mejores cursos para la Academia del a\u00f1o que viene <\/li><li>Plataforma \/ proceso reutilizable <\/li><li>Crear algo que pueda compartirse en todo el mundo a trav\u00e9s de acad\u00e9micos y laboratorios.<\/li><\/ul>\n\n<p class=\"has-medium-font-size\"><br\/><strong>\u00bfD\u00f3nde puedo enviar mis comentarios?<\/strong> <\/p>\n\n<p class=\"has-medium-font-size\">Env\u00ede sus comentarios o preguntas a la <a href=\"https:\/\/academy.ohie.org\/?page_id=2950\">p\u00e1gina de contacto<\/a>.&#13;\nTambi\u00e9n puede enviar cualquier comentario que desee compartir <a href=\"https:\/\/discourse.ohie.org\/\">a nuestro foro de la comunidad<\/a> y etiquetar \u00abacademia\u00bb.<\/p>\n","protected":false},"excerpt":{"rendered":"<p>&#13; A medida que los pa\u00edses contemplan sus enfoques de implementaci\u00f3n para el intercambio de datos de salud, muchos est\u00e1n empezando a discernir c\u00f3mo desarrollar la capacidad en el intercambio de datos y otros temas relacionados con HIE. La comunidad de la Academia trabaja conjuntamente para crear y compartir bienes globales centrados en aumentar la [&hellip;]<\/p>\n","protected":false},"author":5,"featured_media":0,"parent":0,"menu_order":0,"comment_status":"closed","ping_status":"closed","template":"","meta":{"footnotes":""},"class_list":["post-4859","page","type-page","status-publish","hentry"],"featured_image_src":null,"_links":{"self":[{"href":"https:\/\/academy.ohie.org\/index.php?rest_route=\/wp\/v2\/pages\/4859","targetHints":{"allow":["GET"]}}],"collection":[{"href":"https:\/\/academy.ohie.org\/index.php?rest_route=\/wp\/v2\/pages"}],"about":[{"href":"https:\/\/academy.ohie.org\/index.php?rest_route=\/wp\/v2\/types\/page"}],"author":[{"embeddable":true,"href":"https:\/\/academy.ohie.org\/index.php?rest_route=\/wp\/v2\/users\/5"}],"replies":[{"embeddable":true,"href":"https:\/\/academy.ohie.org\/index.php?rest_route=%2Fwp%2Fv2%2Fcomments&post=4859"}],"version-history":[{"count":3,"href":"https:\/\/academy.ohie.org\/index.php?rest_route=\/wp\/v2\/pages\/4859\/revisions"}],"predecessor-version":[{"id":4862,"href":"https:\/\/academy.ohie.org\/index.php?rest_route=\/wp\/v2\/pages\/4859\/revisions\/4862"}],"wp:attachment":[{"href":"https:\/\/academy.ohie.org\/index.php?rest_route=%2Fwp%2Fv2%2Fmedia&parent=4859"}],"curies":[{"name":"wp","href":"https:\/\/api.w.org\/{rel}","templated":true}]}}